3324?
2, 3, 17, 1427
What are the prime factors of 726679?
726679
List the prime factors of 709952.
2, 11093
List the prime factors of 1743914.
2, 871957
What are the prime factors of 40459?
40459
List the prime factors of 364018.
2, 182009
List the prime factors of 19646561.
11, 241, 7411
What are the prime factors of 1780871?
179, 9949
List the prime factors of 441751.
441751
List the prime factors of 29508.
2, 3, 2459
What are the prime factors of 64708?
2, 7, 2311
What are the prime factors of 218219?
67, 3257
List the prime factors of 1061642.
2, 557, 953
What are the prime factors of 351773?
351773
List the prime factors of 46239.
3, 15413
What are the prime factors of 670298?
2, 335149
What are the prime factors of 17873402?
2, 53, 168617
List the prime factors of 735456.
2, 3, 47, 163
List the prime factors of 9228103.
9228103
List the prime factors of 898717.
898717
List the prime factors of 243251.
43, 5657
What are the prime factors of 188529?
3, 11, 29, 197
What are the prime factors of 5942115?
3, 5, 132047
What are the prime factors of 601242?
2, 3, 100207
List the prime factors of 1607377.
1607377
List the prime factors of 137883.
3, 19, 41, 59
List the prime factors of 3994682.
2, 1997341
List the prime factors of 5064571.
5064571
List the prime factors of 23230622.
2, 1093, 10627
List the prime factors of 24369722.
2, 13, 229, 4093
What are the prime factors of 133743?
3, 109, 409
What are the prime factors of 760074?
2, 3, 7, 18097
What are the prime factors of 1990492?
2, 7, 71089
List the prime factors of 9648228.
2, 3, 229, 3511
List the prime factors of 2094551.
2094551
What are the prime factors of 243194?
2, 7, 29, 599
What are the prime factors of 11942935?
5, 47, 50821
List the prime factors of 7208.
2, 17, 53
What are the prime factors of 93762?
2, 3, 5209
List the prime factors of 51014.
2, 23, 1109
List the prime factors of 19396743.
3, 6465581
What are the prime factors of 349986?
2, 3, 7, 13, 641
What are the prime factors of 2303485?
5, 460697
What are the prime factors of 4337146?
2, 11, 137, 1439
What are the prime factors of 31451867?
4127, 7621
List the prime factors of 165898.
2, 109, 761
What are the prime factors of 483349?
41, 11789
What are the prime factors of 359346?
2, 3, 13, 17, 271
What are the prime factors of 7142744?
2, 7, 127549
List the prime factors of 491560.
2, 5, 12289
List the prime factors of 178013.
11, 16183
What are the prime factors of 28066783?
1459, 19237
What are the prime factors of 207315?
3, 5, 17, 271
What are the prime factors of 612100?
2, 5, 6121
What are the prime factors of 310007?
127, 2441
List the prime factors of 83983.
83983
What are the prime factors of 826856?
2, 103357
List the prime factors of 834347.
19, 43913
What are the prime factors of 138681?
3, 19, 811
What are the prime factors of 4326671?
4326671
What are the prime factors of 110508?
2, 3, 9209
List the prime factors of 614148.
2, 3, 61, 839
List the prime factors of 48585.
3, 5, 41, 79
What are the prime factors of 13466157?
3, 4488719
What are the prime factors of 5519766?
2, 3, 7, 19, 6917
List the prime factors of 181851.
3, 60617
List the prime factors of 903297.
3, 277, 1087
What are the prime factors of 221107?
127, 1741
What are the prime factors of 12158830?
2, 5, 29, 41927
What are the prime factors of 3891480?
2, 3, 5, 32429
List the prime factors of 293885.
5, 53, 1109
List the prime factors of 61438.
2, 13, 17, 139
What are the prime factors of 356580?
2, 3, 5, 7, 283
List the prime factors of 47159.
7, 6737
What are the prime factors of 1750211?
37, 47303
List the prime factors of 7520551.
7520551
What are the prime factors of 847319?
11, 77029
List the prime factors of 227625.
3, 5, 607
List the prime factors of 108327.
3, 36109
What are the prime factors of 2398692?
2, 3, 47, 4253
What are the prime factors of 4251242?
2, 2125621
What are the prime factors of 50819?
89, 571
What are the prime factors of 1225168?
2, 7, 10939
What are the prime factors of 59731?
7, 23, 53
What are the prime factors of 348744?
2, 3, 11, 1321
List the prime factors of 164158.
2, 211, 389
List the prime factors of 11804624.
2, 13, 19, 29, 103
What are the prime factors of 10351680?
2, 3, 5, 41, 263
List the prime factors of 1460845.
5, 23, 12703
List the prime factors of 7631518.
2, 31, 83, 1483
List the prime factors of 133739.
17, 7867
What are the prime factors of 348560?
2, 5, 4357
List the prime factors of 12248779.
12248779
What are the prime factors of 2908877?
47, 59, 1049
What are the prime factors of 262564?
2, 41, 1601
List the prime factors of 2916473.
7, 401, 1039
List the prime factors of 154939.
41, 3779
What are the prime factors of 240589?
240589
What are the prime factors of 26071218?
2, 3, 1448401
What are the prime factors of 2813121?
3, 19, 16451
What are the prime factors of 590779?
7, 37, 2281
What are the prime factors of 387660?
2, 3, 5, 7, 13, 71
What are the prime factors of 23226556?
2, 17, 73, 4679
List the prime factors of 5895805.
5, 89, 13249
List the prime factors of 10147.
73, 139
List the prime factors of 106803.
3, 11867
List the prime factors of 5310704.
2, 7, 47417
List the prime factors of 3764863.
3764863
What are the prime factors of 18614746?
2, 9307373
What are the prime factors of 415103?
13, 37, 863
What are the prime factors of 202798?
2, 101399
What are the prime factors of 271046?
2, 59, 2297
What are the prime factors of 90511?
90511
What are the prime factors of 1470045?
3, 5, 23, 4261
List the prime factors of 802968.
2, 3, 33457
List the prime factors of 142964.
2, 103, 347
What are the prime factors of 694173?
3, 29, 79, 101
What are the prime factors of 6935335?
5, 11, 126097
List the prime factors of 200717.
11, 71, 257
List the prime factors of 404555.
5, 80911
List the prime factors of 2728471.
2728471
List the prime factors of 291380.
2, 5, 17, 857
What are the prime factors of 8913698?
2, 19, 234571
List the prime factors of 164691.
3, 29, 631
List the prime factors of 5794335.
3, 5, 19, 251
What are the prime factors of 256484?
2, 37, 1733
What are the prime factors of 146786?
2, 23, 3191
List the prime factors of 1522049.
1522049
What are the prime factors of 153666?
2, 3, 8537
List the prime factors of 9351944.
2, 7, 23857
List the prime factors of 4934540.
2, 5, 13, 18979
What are the prime factors of 3333942?
2, 3, 23, 8053
What are the prime factors of 647664?
2, 3, 103, 131
What are the prime factors of 55578?
2, 3, 59, 157
What are the prime factors of 972283?
13, 29, 2579
What are the prime factors of 336375?
3, 5, 13, 23
List the prime factors of 41433.
3, 7, 1973
What are the prime factors of 15202750?
2, 5, 60811
What are the prime factors of 1116164?
2, 7, 39863
List the prime factors of 1487371.
503, 2957
What are the prime factors of 5751659?
5751659
List the prime factors of 2390464.
2, 41, 911
What are the prime factors of 5924?
2, 1481
What are the prime factors of 33026?
2, 7, 337
List the prime factors of 13316391.
3, 11, 31, 4339
List the prime factors of 78265.
5, 11, 1423
List the prime factors of 5299016.
2, 23, 31, 929
List the prime factors of 985531.
985531
What are the prime factors of 7159851?
3, 795539
List the prime factors of 2851391.
2851391
What are the prime factors of 1448546?
2, 11, 65843
List the prime factors of 9461435.
5, 17, 79, 1409
List the prime factors of 1646624.
2, 7, 7351
List the prime factors of 606449.
606449
What are the prime factors of 1477995?
3, 5, 98533
List the prime factors of 280653.
3, 17, 5503
List the prime factors of 104834.
2, 23, 43, 53
List the prime factors of 2079594.
2, 3, 11, 389
What are the prime factors of 618059?
13, 47543
List the prime factors of 114910.
2, 5, 11491
List the prime factors of 94837.
94837
List the prime factors of 2077794.
2, 3, 89, 1297
List the prime factors of 19336.
2, 2417
What are the prime factors of 340848?
2, 3, 263
List the prime factors of 7627197.
3, 2542399
What are the prime factors of 14337029?
7, 173, 11839
What are the prime factors of 1292337?
3, 143593
List the prime factors of 770307.
3, 433, 593
What are the prime factors of 14850311?
7, 907, 2339
List the prime factors of 1739729.
17, 102337
What are the prime factors of 2958338?
2, 